((7 - (-2 + 7)) + 2 - 8)
8
What is the value of -3 - -18 - (-12 - -32)?
-5
What is -17 - (-2 - (-3 + 5)) - -6 - -17?
10
Calculate -3 - (-1 + -1 + 4 + -5 + -5).
5
Calculate (2073 - 2061) + -1 + -24.
-13
-3 - ((-8 - -19) + (1 - 5))
-10
What is the value of -3 + (4 - 0) + -89 + 94?
6
36 - (9 - (-7 + 8 - -2) - 8)
38
What is -15 + 2 - (1 + 18 - (108 - 92))?
-16
Calculate (-11 + -28 + 34 - (-2 - -1)) + 31.
27
What is (-6 - -20) + -6 - (0 - -8) - 14?
-14
Evaluate (-70 - -63) + (4 - 0).
-3
What is the value of -121 + 122 + (2 - -10)?
13
What is the value of -3 - (-10 - -15) - 0?
-8
11 - ((7 - -17) + -18) - 39
-34
Calculate -9 + (2 - (-3 + 2 - 3)) + 10.
7
Evaluate (-1 - -17) + -13 + 2.
5
Evaluate -36 + 26 - (-10 - -1).
-1
What is (-5 - -1) + (37 - 37) - -4?
0
What is the value of 203 + -229 + 2 + 36?
12
Evaluate 39 - 1 - (-112 + 126).
24
Evaluate 4 - (34 + (-10 - 8)).
-12
What is the value of (-17 - -10) + 7 - -5?
5
(-6 - 8) + (-4 - -15) + -5
-8
What is the value of -12 + 22 + (-28 - 5)?
-23
Evaluate (5 + -6 + -7 - 2) + 0.
-10
What is 10 + -10 + -2 + (6 - 14)?
-10
Calculate 2 - (-6 - 0) - (-1 + -1 - -5).
5
-9 + 4 + (-5 - -20) + (4 - -3)
17
-5 - -1 - (-6 + -4 + 12)
-6
Evaluate 0 + -11 - (2112 + -2103).
-20
-12 - (-10 - (-3 + 2)) - 10
-13
2 + -7 + 9 + 27 + -11
20
-6 - (0 - 1 - (15 + 14) - -1)
23
What is the value of 11 + -11 - 24 - -10?
-14
What is the value of 1 + (2 - (-1 - -13))?
-9
Calculate (1 - 1) + 15 + -18 + (-11 - -23).
9
Calculate -35 + -5 - (-17 - -6).
-29
Evaluate 25 + (3 + -3 - -5) + -7 + -6.
17
Calculate -3 + (-36 - -29 - (-1 - 9) - 25).
-25
What is -19 + 3 + 9 - (12 - (16 + -7))?
-10
What is (-1 - 1) + -9 + -8 + 31?
12
Evaluate 0 - (9 + (11 - 2 - 26)).
8
What is the value of (12 + (-4 - 0 - -6) - 9) + -5?
0
What is (47 - (23 - 2)) + -36?
-10
(-2 - (2 + -10)) + -62 + 63 - -7
14
What is -54 + 47 + 1 + -3 + 7?
-2
Evaluate (-14 + 64 - 26) + -15.
9
Evaluate -18 + (-1 - -13) + -1.
-7
What is the value of 8 + (-9 - 0 - 3) + 13?
9
Calculate (1 - 1) + (13 - 0 - (344 - 347)).
16
Calculate (-12 - (14 + -20 + -5)) + -7 + 3.
-5
What is the value of (-14 - 0 - -10) + 10 + -9?
-3
5 + 8 + (1 - 10)
4
(8 + -3 - 10) + 5
0
Evaluate 0 + 41 + -15 + 13 - (-322 + 329).
32
Evaluate (-3 + -1 - -18) + (12 - 23).
3
What is -151 + 142 + -16 + (4 - 3)?
-24
What is -2 - -2 - 1 - (-68 - -78)?
-11
What is the value of 20 + (0 - 7) + 13 + 16 + -28?
14
-8 - ((-8 - -1) + -101 + 116)
-16
What is 5 + -2 - (-4 + (-8 - -22))?
-7
-8 + 2 - (9 + (0 - 17))
2
(-3 - (14 - 6)) + 5 - (0 + -30)
24
Evaluate -15 - (2 + -8) - (-7 + 14 - 3).
-13
Evaluate (-6 - ((-19 - (3 + -7)) + 8)) + 3.
4
What is (3 - (-3 - -8)) + -3 + -11?
-16
What is the value of (-12 + -25 - (-25 - -30)) + (-2 - -11)?
-33
What is the value of -6 - (-6 - (-7 + 15) - -3)?
5
What is -5 - (-38 + 18) - 10 - (19 + 0)?
-14
-1 + -26 + -105 + 121
-11
Evaluate ((6 - 3) + 16 - 67) + 16.
-32
(-2 - -4) + 4 + -4 + 71 + -62
11
What is the value of 22 + 8 + -13 + -9?
8
Evaluate 19 - 1 - (31 + -16).
3
What is 6 + (-10 + -2 - (-2 + 7 + -4))?
-7
What is the value of (2 - 13) + (-10 - -41)?
20
What is -1 + 1 - (164 + -192)?
28
-4 + -1 + (10 - -25) + -34
-4
11 + -1 - 6 - (12 - 2)
-6
Calculate 11 - (26 + (16 - 24)).
-7
Evaluate (12 - -28) + -34 + 1 + -10 + -19.
-22
6 + (0 - 1) + (-18 - -7) + 18
12
Evaluate 14 + (-15 - -1) + 1 + 0 + 7.
8
Evaluate 6 + -18 + 1 + 3 + (1 - -21).
14
Evaluate (4 + -5 - -3) + -2 + (-5 - 2).
-7
What is the value of -7 + (2 - (8 + -8) - -1) + -8?
-12
What is -13 + 2 + (13 + -4 + 3 - 12)?
-11
Calculate 21 + (-2 - (-11 + 19) - -2).
13
Evaluate -5 - ((-8 - (-1 - -2)) + 711 + -720).
13
-14 - (-19 - -36) - 5
-36
What is the value of 13 + 2 + (-3 - 4) + 9 + -9?
8
Evaluate (32 - (-3 - -15)) + -27.
-7
2 + 1 + (-9 - -1)
-5
What is -1 - (32 + -37 + 1 + (-8 - -1))?
10
What is the value of 14 + (-9 + 17 + -6 - (1 - -1))?
14
(3 - (-1 - -4) - 4 - -3) + 9
8
1 + -11 - -9 - 11
-12
What is -34 + 25 + (7 - 1) - (-28 + 0)?
25
What is 11 + 3 + -1 + -8 - (-5 - 1)?
11
What is the value of (-1 - (2 - (-14 + 16))) + 18?
17
What is 28 + (8 - 19) - (-8 - -12)?
13
5 + (-12 - (7 - 11)) + -14
-17
What is the value of 16 + (15 - (-13 + 35))?
9
-16 + 41 + -21 - -17
21
Calculate (-8 - -2) + -1 - (7 + (15 - -9)).
-38
What is (-7 - (-7 - (-2 - (-9 - 1)))) + 5?
13
Evaluate (2 - -12) + (-5 - 3 - (-9 + 2)).
13
What is (-433 - -415) + 25 + -1?
6
Calculate -5 - -14 - (-35 + 26).
18
Evaluate (-5 - (6 + -13)) + -7 + 11 + -7.
-1
What is the value of 10 + -8 + 12 + -12?
2
What is (34 - (5 + 25)) + 10?
14
What is 28 - (32 - -11) - -25?
10
(-2485 - -2503) + 1 + 0
19
What is the value of 10 - -3 - (-88 + 78)?
23
What is 2 + 0 + -3 - (2 - (2 - -4))?
3
What is the value of 39 + 15 + (21 - (30 + 5))?
40
Calculate 5 - (-7 + 14 - 10 - 2).
10
(14 - (4 + -12)) + -11
11
What is -1 + -24 + 6 - (21 + -9 + -4)?
-27
What is the value of 30 + -6 + 7 + (-6 - (-6 - -3))?
28
0 + 1 + 1 - (-17 - -16 - -10)
-7
-13 - (18 + -11 + -23)
3
-8 + (-10 - -2 - -13) + -4
-7
Evaluate 31 - ((-29 - -32) + 24).
4
-2 - (0 + 1) - (-936 + 928)
5
9 + (5 - 18) - (-1 + 2 - -10)
-15
Evaluate -17 - ((-13 - -60) + -90).
26
What is the value of -16 - (-2 + -7 - 26)?
19
What is the value of 9 + 2 + -13 + 9?
7
Evaluate -13 - (1 + (17 + -10 + -15 - -12)).
-18
What is the value of 16 + (20 - (68 - 21))?
-11
Evaluate (2 - 3) + -4 + (10 - 3).
2
Calculate 10 + -8 + (1 - 5).
-2
1 + 0 + 0 + 1 - (3999 - 3991)
-6
(-11 - -4) + (0 - (-2 + (3 - 3)))
-5
What is 28 + 23 + -43 - 35?
-27
Evaluate (12 - 9) + -5 - (-5 + (-4 - -16)).
-9
What is the value of -4 - (-36 - (17 + -33))?
16
What is the value of 24 + -2 - 15 - (1 + 8)?
-2
Evaluate 8 - (54 + -56 - (0 - 6)).
4
Evaluate (-6 - -7 - -15) + -10.
6
Calculate -36 - -30 - (-6 - (-4 - -1)).
-3
Evaluate (268 - 254) + 1 + -23.
-8
-10 + (5 - (-20 + 14) - 6)
-5
What is 14 + (-5 - (2 - 7)) - (20 + -23)?
17
Calculate -1 + 6 - -2 - (-14 - (-16 + 11)).
16
Evaluate 26 - (-9 + 17 + 9).
9
(-31 - -12) + 18 + -8
-9
What is (2 - 15) + -7 + 14 - -16?
10
Calculate (-18 - -1) + (18 - (17 + -5)).
-11
(-1 - (-7 - 2)) + -44 + 44
8
Evaluate (13 - 16) + 12 + 4.
13
(2 - (0 + -9 + (-18 - -22))) + 12
19
Evaluate 11 - -3 - 24 - -3.
-7
What is the value of (0 - (0 - -5)) + (12 - -22) + -23?
6
What is the value of -7 + -5 + 13 + -18 + (-5 - -6)?
-16
Evaluate 7 + (6 + (3 - (6 - 5)) - 2).
13
-21 - (-9 + -21 + -3)
12
20 + -13 - (0 - 3) - -1
11
What is the value of 3 + -14 + 25 + -10?
4
-6 - (19 - 5) - -6
-14
32 - (16 + -7 - -10) - -11
24
-22 - (-32 - -17) - (-8 + 2)
-1
(-2 - -10) + -84 + 70
-6
What is the value of -9 + (-7 + 6 - -30) - 11?
9
10 + -5 + 5 + (-4 - (-6 - -4))
8
Calculate 221 + -217 + 2 + -30.
-24
Calculate -9 - (-16 + 25 + -1 + 3 + -4).
-16
Evaluate 15 - (40 - (14 + -1)).
-12
Evaluate -14 + -13 + 0 + (19 - 20).
-28
Calculate 9 + -28 - (0 + -7 - (-5 - -1)).
-16
Calculate 19 - (4 + 4) - -7.
18
(5 - (8 - 7 - 4) - 5) + -28
-25
What is the value of 22 + (-14 - (-11 + 34))?
-15
Calculate -6 + (-1 - 4 - -7 - 8 - 2).
-14
Calculate -6 - (-1 - -6 - (-2 + 3 + 2)).
-8
-44 + -2 + 45 - (1 + 5 - -1)
-8
What is (0 - 0 - (-4 - 13)) + 12 + -16?
13
0 - -2 - (-1 - (-1 + 4))
6
What is the value of (-5 + 30 - (12 + 3)) + -3?
7
Calculate -10 - (6 - (33 + (8 - -3 - 0))).
28
Calculate 8 + -2 + -4 + -21 + 12 + -9.
-16
What is the value of (-7 - ((-20 - -26) + (0 - 12))) + 27?
26
What is -12 + 2 + (204 - 182)?
12
What is the value of 0 + (1 - 2) + (-177 - -185)?
7
What is the value of 10 + -22 - (26 - 24)?
-14
12 - 5 - 42 - -18
-17
Evaluate (-241 - -240) + (-6 - (-2 + 4)).
-9
Calculate 2 - (-4 + 17 + -37).
26
What is the value of (21 - 26) + -5 - 5?
-15
Evaluate 22 - (-1 + (-8 - -14) + -14).
31
What is the value of 0 + 11 + 1 + (-166 - -112 - -46)?
4
What is (15 + -33 - -55) + -21?
16
What is the value of -10 - 1 - (139 + -67 + -86)?
3
Evaluate -27 - (-4 - -2 - (13 + (-17 - -10))).
-19
29 + (-42 - -25) - 35
-23
-2 + 19 - 18 - (-5 + -1)
5
(-12 - -26) + -8 + (-3 - -7)
10
What is -3 - (21 + -3) - (318 - 331)?
-8
What is the value of -12 + (2 - ((5 - 0) + -7)) + 2?
-6
Evaluate -24 - (-6 - -10 - -10) - -12.
-26
What is -7 - 12 - (7 + 7 + -17)?
-16
Calculate 11 - (-4 - -3) - 2.
10
-3 - ((7 - 13) + 3)
0
What is the value of -4 - -14 - (43 + -43)?
10
Calculate 13 - 13 - ((-2 - 1) + -5).
8
32 + -2 + (-5 - (9 - 2))
18
What is